144?
True
Does 25 divide 875?
True
Is 3 a factor of 2346?
True
Is 8 a factor of 248?
True
Is 570 a multiple of 15?
True
Is 16 a factor of 28586?
False
Is 44 a factor of 2200?
True
Is 118 a factor of 1347?
False
Is 10872 a multiple of 8?
True
Does 6 divide 258?
True
Is 4 a factor of 1450?
False
Is 7235 a multiple of 56?
False
Is 10812 a multiple of 102?
True
Is 3124 a multiple of 142?
True
Does 27 divide 17702?
False
Does 6 divide 390?
True
Is 590 a multiple of 48?
False
Does 91 divide 2184?
True
Is 4692 a multiple of 12?
True
Does 4 divide 31?
False
Does 10 divide 1281?
False
Does 13 divide 2594?
False
Is 104 a factor of 18040?
False
Is 70 a factor of 35280?
True
Is 153 a factor of 4675?
False
Is 26 a factor of 2366?
True
Is 58953 a multiple of 294?
False
Does 10 divide 760?
True
Does 5 divide 191?
False
Is 16 a factor of 202435?
False
Is 185 a factor of 26133?
False
Is 2445 a multiple of 149?
False
Is 10 a factor of 25928?
False
Does 2 divide 505?
False
Is 3213 a multiple of 17?
True
Does 41 divide 61131?
True
Is 325 a multiple of 5?
True
Does 16 divide 1281?
False
Is 329 a multiple of 4?
False
Is 82103 a multiple of 259?
True
Is 76 a multiple of 5?
False
Is 4749 a multiple of 28?
False
Is 10944 a multiple of 24?
True
Is 4 a factor of 97?
False
Does 12 divide 13020?
True
Is 220 a multiple of 11?
True
Does 161 divide 10787?
True
Is 2520 a multiple of 18?
True
Does 7 divide 18919?
False
Is 7579 a multiple of 100?
False
Is 12 a factor of 2316?
True
Is 76384 a multiple of 28?
True
Does 19 divide 1038?
False
Is 71 a factor of 2570?
False
Is 49 a factor of 767?
False
Does 12 divide 11090?
False
Is 14 a factor of 1260?
True
Is 411 a multiple of 5?
False
Does 69 divide 2139?
True
Is 19 a factor of 2394?
True
Does 101 divide 31815?
True
Does 97 divide 1202?
False
Does 65 divide 325?
True
Is 3 a factor of 7982?
False
Is 120 a factor of 79614?
False
Does 20 divide 80?
True
Is 95 a multiple of 5?
True
Does 10 divide 1690?
True
Is 177 a factor of 10375?
False
Does 32 divide 160?
True
Does 33 divide 44899?
False
Is 21244 a multiple of 452?
True
Does 58 divide 15573?
False
Is 5 a factor of 1105?
True
Is 11 a factor of 10868?
True
Is 2422 a multiple of 12?
False
Is 15 a factor of 50?
False
Does 12 divide 9417?
False
Is 1134 a multiple of 6?
True
Does 40 divide 23816?
False
Is 786 a multiple of 28?
False
Does 12 divide 9900?
True
Does 11 divide 77?
True
Is 1035 a multiple of 4?
False
Is 21 a factor of 2952?
False
Does 45 divide 691?
False
Is 2133 a multiple of 9?
True
Is 18 a factor of 1025?
False
Does 15 divide 501?
False
Is 76 a factor of 16036?
True
Is 2394 a multiple of 69?
False
Is 55 a factor of 17436?
False
Is 6 a factor of 288?
True
Is 814 a multiple of 70?
False
Is 3 a factor of 631?
False
Is 103813 a multiple of 428?
False
Is 823 a multiple of 13?
False
Is 122 a factor of 48508?
False
Does 208 divide 11418?
False
Is 67 a factor of 1513?
False
Is 7 a factor of 436?
False
Is 84 a factor of 46938?
False
Is 15 a factor of 14115?
True
Is 2793 a multiple of 21?
True
Is 19 a factor of 38?
True
Is 610 a multiple of 7?
False
Does 56 divide 1288?
True
Is 12 a factor of 768?
True
Is 72 a multiple of 72?
True
Is 97 a factor of 28421?
True
Does 3 divide 48119?
False
Does 96 divide 146?
False
Is 12 a factor of 42976?
False
Is 43092 a multiple of 81?
True
Does 17 divide 237?
False
Does 35 divide 770?
True
Does 7 divide 1650?
False
Does 9 divide 3293?
False
Is 54 a factor of 11016?
True
Is 221 a factor of 32929?
True
Does 4 divide 152?
True
Does 47 divide 46910?
False
Is 2870 a multiple of 14?
True
Is 2284 a multiple of 112?
False
Is 27 a factor of 153?
False
Does 61 divide 9231?
False
Is 10 a factor of 665?
False
Is 444 a multiple of 32?
False
Is 45 a factor of 1899?
False
Is 2379 a multiple of 12?
False
Does 32 divide 3298?
False
Is 2 a factor of 20082?
True
Is 18468 a multiple of 9?
True
Is 59452 a multiple of 247?
False
Does 35 divide 4373?
False
Does 20 divide 656?
False
Is 12 a factor of 539?
False
Does 14 divide 462?
True
Is 73 a factor of 1971?
True
Is 6 a factor of 600?
True
Is 530 a multiple of 5?
True
Is 24 a factor of 14040?
True
Is 6930 a multiple of 30?
True
Is 9262 a multiple of 55?
False
Does 13 divide 2561?
True
Is 128 a multiple of 18?
False
Is 19 a factor of 931?
True
Is 314 a multiple of 2?
True
Is 2469 a multiple of 17?
False
Is 627 a multiple of 19?
True
Is 7356 a multiple of 4?
True
Is 21 a factor of 790?
False
Is 41 a factor of 1312?
True
Is 303 a multiple of 6?
False
Does 20 divide 8123?
False
Is 67 a factor of 1742?
True
Does 42 divide 893?
False
Is 4 a factor of 63375?
False
Is 48 a factor of 6932?
False
Is 388 a multiple of 12?
False
Does 3 divide 150?
True
Is 32 a factor of 26872?
False
Does 56 divide 840?
True
Is 6655 a multiple of 11?
True
Is 29 a factor of 1314?
False
Is 61 a multiple of 3?
False
Is 6041 a multiple of 62?
False
Is 1224 a multiple of 34?
True
Is 159 a factor of 9858?
True
Is 12631 a multiple of 21?
False
Does 12 divide 3624?
True
Is 7686 a multiple of 41?
False
Is 920 a multiple of 46?
True
Is 21462 a multiple of 6?
True
Is 31 a factor of 431?
False
Is 5704 a multiple of 92?
True
Is 1796 a multiple of 38?
False
Is 3253 a multiple of 36?
False
Does 29 divide 1103?
False
Is 513 a multiple of 9?
True
Does 131 divide 65631?
True
Is 8463 a multiple of 39?
True
Does 4 divide 420?
True
Is 14 a factor of 6412?
True
Is 163 a factor of 16789?
True
Is 39235 a multiple of 35?
True
Is 2 a factor of 12674?
True
Is 14 a factor of 70?
True
Is 21 a factor of 1390?
False
Is 14948 a multiple of 74?
True
Is 3 a factor of 1062?
True
Is 4530 a multiple of 30?
True
Does 5 divide 6400?
True
Does 25 divide 16407?
False
Does 117 divide 1638?
True
Does 18 divide 576?
True
Does 17 divide 16014?
True
Is 14 a factor of 3974?
False
Is 3404 a multiple of 148?
True
Is 11 a factor of 8855?
True
Is 1113 a multiple of 18?
False
Is 56 a factor of 280?
True
Does 100 divide 1700?
True
Is 67150 a multiple of 108?
False
Is 221 a multiple of 18?
False
Is 360 a multiple of 9?
True
Is 6344 a multiple of 20?
False
Is 37011 a multiple of 35?
False
Does 3 divide 2573?
False
Is 48 a factor of 1296?
True
Does 49 divide 1813?
True
Is 1260 a multiple of 14?
True
Is 56 a factor of 728?
True
Does 16 divide 1579?
False
Does 5 divide 860?
True
Does 12 divide 936?
True
Is 16 a factor of 14178?
False
Is 15 a factor of 1400?
False
Is 708 a multiple of 12?
True
Is 442 a multiple of 11?
False
Does 87 divide 7336?
False
Is 28 a factor of 9716?
True
Does 47 divide 3243?
True
Does 58 divide 15545?
False
Does 4 divide 60?
True
Is 34 a factor of 1007?
False
Is 15274 a multiple of 4?
False
Is 13 a factor of 598?
True
Does 31 divide 248?
True
Is 3 a factor of 1425?
True
Is 3 a multiple of 3?
True
Is 2926 a multiple of 38?
True
Does 40 divide 5520?
True
Does 41 divide 2173?
True
Does 19 divide 570?
True
Does 10 divide 26630?
True
Is 83 a multiple of 22?
False
Does 28 divide 2243?
False
Does 65 divide 151?
False
Does 36 divide 1102?
False
Does 14 divide 896?
True
Does 119 divide 833?
True
Does 10 divide 840?
True
Is 10431 a multiple of 57?
True
Is 10832 a multiple of 19?
False
Does 59 divide 1421?
False
Is 173 a factor of 36829?
False
Is 2529 a multiple of 33?
False
Does 8 divide 1384?
True
Is 132 a multiple of 11?
True
Does 27 divide 23382?
True
Is 5040 a multiple of 126?
True
Is 124 a factor of 3070?
False
Does 74 divide 10804?
True
Is 13 a factor of 728?
True
Is 4667 a multiple of 13?
True
Is 18373 a multiple of 19?
True
Does 188 divide 2791?
False
Is 83 a factor of 28086?
False
Does 13 divide 48547?
False
Is 13125 a multiple of 25?
True
Is 105 a multiple of 3?
True
Does 244 divide 11412?
False
Does 11 divide 14876?
False
Is 76 a factor of 4996?
False
Is 5 a factor of 500?
True
Is 47 a factor of 279?
False
Does 3 divide 1837?
False
Does 3 divide 189?
True
Is 21 a factor of 57148?
False
Is 107 a factor of 2247?
True
Is 14 a factor of 4491?
False
Is 3363 a multiple of 57?
True
Is 32468 a multiple of 66?
False
Is 8240 a multiple of 20?
True
Is 28 a factor of 45192?
True
Does 37 divide 4688?
False
Does 18 divide 3582?
True
Is 407 a factor of 97680?
True
Does 3 divide 677?
False
Is 72 a factor of 10172?
False
Is 19 a factor of 9116?
False
Does 56 divide 3192?
True
Is 44 a factor of 